 - 297. What is y(5)?
-32
Let q(o) = -41*o**2 - 1083*o + 221. Calculate q(-27).
-427
Let a(v) = 3302*v - 6643. Give a(2).
-39
Let h(y) = 29*y**3 - 5*y**2 + 31*y + 35. Determine h(-1).
-30
Let y(w) = w**2 + 970*w + 85721. Determine y(-98).
265
Let p(f) = -37*f**3 + 146*f**2 - 9*f + 18. Give p(4).
-50
Let p(i) = -63108*i + 16029436. Give p(254).
4
Let i(c) = 8569*c - 94500. What is i(11)?
-241
Let m(f) = -57*f**2 + 34231*f - 102723. Calculate m(3).
-543
Let s(z) = 28*z**2 - 4776*z + 2705. Determine s(170).
-15
Let y(g) = -7*g**2 - 618*g - 1871. Determine y(-85).
84
Let n(q) = -3379*q + 40696. Determine n(12).
148
Let a(w) = 58*w**3 + 15*w**2 + 750*w + 1429. What is a(-2)?
-475
Let c(f) = -26*f - 1978. Calculate c(-53).
-600
Let r(v) = -6961*v + 306279. Determine r(44).
-5
Let o(i) = -2*i**2 + 1436*i - 170418. Calculate o(150).
-18
Let s(v) = v**3 + 83*v**2 - 269*v - 720. Calculate s(-86).
226
Let c(o) = -o**3 - 38*o**2 + 207*o - 243. Determine c(-43).
101
Let w(n) = n**3 + n**2 - 264*n + 760. Give w(3).
4
Let f(b) = 3135*b - 71927. What is f(23)?
178
Let v(q) = -6*q**2 - 240*q - 12. Determine v(-39).
222
Let m(w) = -739*w - 119737. What is m(-162)?
-19
Let g(c) = -11810*c + 1464425. Determine g(124).
-15
Let c(b) = 32*b**2 + 242*b - 392. Give c(-11).
818
Let g(v) = -v**3 - 635*v**2 + 1281*v + 4515. Give g(-637).
56
Let g(l) = 26036*l + 104056. Determine g(-4).
-88
Let j(h) = -2*h**3 - 91*h**2 - 778*h - 36. Determine j(-32).
-2788
Let o(b) = -b**3 + 365*b**2 - 1181*b + 34403. Give o(362).
13
Let v(b) = 26*b**3 + 4185*b**2 - 129*b + 5135. Calculate v(-161).
-17
Let m(b) = b**3 + 563*b**2 - 17099*b + 40841. Calculate m(-592).
-7
Let u(z) = 53*z + 292. Calculate u(-6).
-26
Let x(w) = -978*w - 7827. What is x(-8)?
-3
Let j(x) = x**3 + 10*x**2 - 25*x - 74. Determine j(-13).
-256
Let w(f) = 2*f**2 - 75*f - 1957. Give w(-21).
500
Let v(c) = -23*c**2 - 179*c + 595. What is v(-11)?
-219
Let x(z) = -z**2 + 353*z - 25635. Calculate x(250).
115
Let a(q) = -23*q**2 - 190*q + 121. Calculate a(-9).
-32
Let j(y) = y**3 + 297*y**2 - 19*y + 157. Give j(0).
157
Let p(u) = -u**3 + 123*u**2 - 1698*u - 1692. What is p(107)?
-194
Let r(j) = -127226*j - 254456. Calculate r(-2).
-4
Let s(x) = -13378*x + 3424876. Determine s(256).
108
Let c(a) = 4*a**2 - 338*a - 8673. What is c(-24)?
1743
Let f(t) = t**2 + 10078*t - 30237. What is f(3)?
6
Let b(x) = -24840*x - 99299. Give b(-4).
61
Let s(z) = 239*z - 2258. Give s(6).
-824
Let j(i) = -i**2 + 381*i + 244044. Determine j(720).
-36
Let n(i) = -60*i**3 + 9*i**2 - 115*i - 259. What is n(-2)?
487
Let k(g) = 12504*g - 37494. Calculate k(3).
18
Let x(m) = -283*m**2 - 429*m - 1779. What is x(-4)?
-4591
Let b(t) = t**3 + 85*t**2 + 271*t + 1309. What is b(-82)?
-741
Let g(n) = -1357*n + 22948. Determine g(16).
1236
Let r(z) = -z**3 + 3*z**2 - 238*z - 2242. Give r(-7).
-86
Let c(j) = -1250*j + 13433. Calculate c(11).
-317
Let p(g) = 121*g**2 + 15856*g + 580. Give p(-131).
-75
Let h(j) = -9*j**3 + 46*j**2 + 22*j - 55. Determine h(4).
193
Let r(f) = -70*f**2 + 2421*f + 4857. Determine r(-2).
-265
Let h(u) = -19320*u - 77150. What is h(-4)?
130
Let j(t) = 179*t**2 + 705*t - 36. What is j(-4)?
8
Let i(f) = 7*f**2 + 196*f + 26. What is i(-10)?
-1234
Let t(u) = -5*u**2 - 85*u - 491. Calculate t(-11).
-161
Let q(f) = -4*f**2 - 6130*f + 86606. Determine q(14).
2
Let l(a) = 7510*a + 59386. Determine l(-8).
-694
Let u(h) = 12637*h - 176902. Calculate u(14).
16
Let k(w) = 56107*w - 448861. Calculate k(8).
-5
Let f(y) = 90*y**2 - 3636*y + 21040. Calculate f(7).
-2
Let z(a) = 37*a**2 + 6984*a + 34247. Calculate z(-5).
252
Let a(b) = -b**3 + 30*b**2 - 825*b + 9599. Give a(16).
-17
Let d(v) = -122443*v - 2326406. Determine d(-19).
11
Let r(n) = 4615*n + 18703. What is r(-4)?
243
Let y(q) = 165077*q + 1320500. Give y(-8).
-116
Let c(f) = 3*f**2 + 286*f - 2191. Determine c(8).
289
Let r(q) = 4*q**2 - 1342*q - 24698. Determine r(353).
12
Let n(u) = 2030*u - 14222. Give n(7).
-12
Let j(i) = 391*i**2 - 5387*i + 60. What is j(14)?
1278
Let h(p) = -9*p**2 - 4458*p - 73185. Calculate h(-17).
0
Let p(s) = -171*s**3 + 46*s**2 + 49*s + 3. Determine p(-1).
171
Let q(t) = -4*t - 275. Determine q(-62).
-27
Let q(d) = 126423*d - 33881361. Determine q(268).
3
Let d(m) = -11*m**2 + 176*m + 5330. What is d(-15)?
215
Let n(a) = -2*a**3 + 91*a + 346. Calculate n(-7).
395
Let b(q) = q**3 - 39*q**2 - 321*q + 17748. Determine b(30).
18
Let m(y) = 2*y**2 + 2949*y - 1259777. Determine m(346).
9
Let s(z) = 441*z**2 + 2989*z - 678. Calculate s(-7).
8
Let b(x) = -1678*x + 459682. Give b(274).
-90
Let r(d) = -d**3 + 454*d**2 + 11461*d - 216. What is r(-24)?
48
Let c(v) = 9*v**3 - v**2 + 1774*v + 7052. What is c(-4)?
-636
Let d(p) = -335*p**3 - p**2 + 27*p - 44. Determine d(2).
-2674
Let w(u) = 237156*u - 711429. Give w(3).
39
Let q(y) = 292*y**2 + 549*y - 548. Give q(1).
293
Let j(a) = 4*a**3 - 147*a**2 - 27*a + 144. What is j(37)?
514
Let i(n) = n**3 + 62*n**2 + 1518*n + 83938. Give i(-60).
58
Let r(o) = 2*o**2 - 8474*o - 42434. What is r(-5)?
-14
Let a(f) = f**2 - 100*f - 1450. Calculate a(113).
19
Let p(s) = 11*s**3 + 116*s**2 - 109*s - 1695. Calculate p(-10).
-5
Let a(h) = 5*h**2 + 490*h + 1888. Calculate a(-4).
8
Let l(g) = -45689*g - 6076629. Determine l(-133).
8
Let v(n) = -267343*n + 2138751. What is v(8)?
7
Let l(a) = 4884*a + 78394. What is l(-16)?
250
Let f(p) = 16*p**3 + 10*p**2 - 17*p - 7. Determine f(-4).
-803
Let i(q) = -q**3 - 12*q**2 + 380*q - 14. Give i(-27).
661
Let p(a) = -1964*a - 70130. What is p(-36)?
574
Let j(h) = -2*h**3 + 5*h**2 - 8*h + 46. What is j(3)?
13
Let h(m) = 57*m**2 + 2946*m - 883. What is h(-52)?
53
Let l(o) = -68*o - 2972. Give l(-89).
3080
Let k(z) = -59*z**2 + 14*z + 213. Give k(-7).
-2776
Let f(o) = -o**3 - o**2 - 1182*o - 9850. Determine f(-8).
54
Let n(u) = -267*u + 74656. Give n(280).
-104
Let f(o) = 13046*o - 52182. Determine f(4).
2
Let b(v) = -28403*v + 17013399. Determine b(599).
2
Let b(h) = 18*h**3 - 72*h**2 - 13*h + 53. Calculate b(4).
1
Let c(j) = -12*j**2 + 326*j + 43. Give c(27).
97
Let x(o) = 3*o**3 + 19*o**2 - 99*o - 598. What is x(-5)?
-3
Let n(v) = -2*v**2 - 545*v - 22781. Determine n(-221).
-18
Let j(i) = -3*i**3 - 157*i**2 + 6435*i - 241. Calculate j(27).
2
Let y(u) = 9*u**3 - 17*u**2 - 56*u + 230. What is y(4)?
310
Let y(l) = -554635*l - 10. What is y(0)?
-10
Let q(a) = -a**3 - 90*a**2 - 142*a + 2955. Give q(-88).
-37
Let q(d) = d**2 + 2304*d + 156344. Give q(-70).
-36
Let o(j) = 3*j**2 + 377*j + 3472. Calculate o(-9).
322
Let r(n) = -49686*n + 48463. Determine r(1).
-1223
Let q(x) = -x**3 - 13*x**2 - 720*x - 2745. Calculate q(-4).
-9
Let m(v) = -233*v**3 + 1629*v**2 - 28*v + 300. Calculate m(7).
6
Let o(c) = -7*c**2 - 88*c + 120. What is o(-9)?
345
Let o(l) = -188*l + 18024. Determine o(98).
-400
Let p(t) = 3*t**2 + 69*t - 28. Calculate p(-31).
716
Let t(f) = -23210*f - 393767. Give t(-17).
803
Let p(b) = 86*b**3 + 52*b**2 - 134*b + 80. What is p(2)?
708
Let g(f) = 3083*f + 1267111. Determine g(-411).
-2
Let v(n) = 2*n**3 + 607*n**2 - 3408*n - 2775. Calculate v(-309).
6
Let c(v) = v**3 - 25*v**2 - 1958*v - 103. Give c(59).
2729
Let g(m) = 2*m**3 + 13*m**2 - 233*m - 2188. Determine g(-9).
-496
Let a(s) = -s**3 - 3*s**2 - 1758*s - 5244. Determine a(-3).
30
Let c(r) = -176*r**2 - 2939*r + 866. What is c(-17)?
-35
Let q(x) = 3*x**3 - 24*x**2 + 72*x - 857. What is q(9)?
34
Let c(g) = -g**2 + 118*g + 71578. Determine c(-215).
-17
Let a(q) = 9833*q + 137669. Determine a(-14).
7
Let a(s) = -6*s**2 + 919*s - 2717. Determine a(3).
-14
Let g(u) = u**3 + 9*u**2 - 213*u + 891. Calculate g(-21).
72
Let v(z) = z**3 - 358*z**2 + 2565*z - 659716. Give v(356).
-48
Let h(f) = -10339*f + 144471. What is h(14)?
-275
Let z(r) = 781*r**2 + 32002*r - 778. Give z(-41).
1
Let h(b) = 164*b**3 - 12301*b**2 + 65*b + 44. Calculate h(75).
-706
Let y(q) = -19*q**2 + 3745*q + 19184. What is y(-5)?
-16
Let y(p) = -485*p**2 - 11. What is y(1)?
-496
Let c(f) = -42*f**2 - 64*f - 25. Give c(8).
-3225
Let u(s) = s**3 + 48*s**2 + 98*s + 3521. What is u(-47)?
1124
Let f(a) = -a**3 + 57*a**2 - 746*a + 124. Calculate f(37).
-98
Let x(l) = -5*l**2 + 352*l - 10087. Calculate x(26).
-4315
Let y(h) = 5*h**2 - 3102*h + 43472. What is y(14)?
1024
Let y(r) = -